 u(d). What is the highest common factor of g and 45?
15
Let o(j) = -2*j**3 - 11*j**2 - 25*j - 12. Let v be o(-6). What is the greatest common factor of 406 and v?
58
Let k(h) = 84*h**2 + 6*h - 14. Let x be k(3). Let p be -3 + x/24 - 5/3. What is the highest common divisor of p and 144?
9
Suppose w - w = -4*w + 360. Let m = 46 + -10. Calculate the greatest common factor of w and m.
18
Suppose 39 = 5*q + 3*z, -q = 4*q + 5*z - 45. Suppose -q = -o + 11. What is the greatest common divisor of o and 459?
17
Suppose 5198 = 189*s - 143*s. What is the greatest common divisor of s and 18419?
113
Let z be (-1 + 56/12)/(-4 - 17435/(-4356)). What is the greatest common factor of z and 3036?
132
Suppose -j + 72 = j. Suppose 40*p - 1733 - 2803 = 13*p. What is the highest common factor of p and j?
12
Suppose 40829 = -65*t + 295174. Calculate the greatest common factor of 91 and t.
91
Suppose -26*w + 24*w = 4*y - 10, 2*y - 4 = -2*w. What is the greatest common divisor of 1059 and y?
3
Let q(g) = -9*g + 695. Let u be q(44). Calculate the greatest common divisor of u and 221.
13
Let z(x) = 45*x + 121 + 52*x - 142*x + 43*x. Let i be z(33). Calculate the highest common divisor of i and 55.
55
Let q = 7183 - 5263. What is the greatest common factor of q and 36?
12
Let t = 79 + -69. Let x be (-1672)/(-66) + 1/(-3). Calculate the greatest common factor of t and x.
5
Suppose -4*i + o + 4 = 0, -5*i + 5 = -202*o + 206*o. What is the highest common factor of 293 and i?
1
Let q = 229 + -142. Let n = q - 74. Suppose -5*a + 60 = -a - 2*w, 0 = -4*w - 16. Calculate the greatest common divisor of n and a.
13
Let h(z) = 3*z**3 + 5*z - 3. Let j be h(7). Suppose 0 = 5*t + 151 - j. What is the greatest common factor of t and 56?
14
Let t(j) = -8*j**3 + 177*j**2 - 26*j + 153. Let u be t(22). Calculate the highest common divisor of u and 1586.
13
Let h be (-3)/(-10) + (-137700)/(-1000). Let p(v) = 2*v**2 + 16*v - 3. Let a be p(7). Calculate the highest common factor of h and a.
69
Let o be 15/((-26)/(-5) - 1 - 4). Suppose o*a - 80*a = -20. Let y be (-3)/(-5) - 708/(-20). What is the greatest common factor of y and a?
4
Let u be 4/(-10)*(-3 + 1 + -3). Let z be u + (-4)/(12/(-1149)). Suppose 0 = 13*n - 8*n - z. Calculate the highest common divisor of n and 11.
11
Let r(m) = 63*m + 828. Let p be r(-9). Calculate the greatest common factor of 232 and p.
29
Let y(z) = -3*z**2 + 5*z - 4. Let o be y(9). Let b = 214 + o. What is the greatest common factor of b and 39?
3
Suppose 3*i = -2*i + 280. Let o(r) = r**2 + 24*r - 940. Let j be o(21). Suppose -j*s + 616 = i. Calculate the highest common divisor of 14 and s.
14
Let b(m) = -m**3 - 76*m**2 - 1407*m + 45. Let p be b(-32). Suppose -4*r + 2*y + 2504 = -r, 2*r - 3*y - 1676 = 0. What is the highest common divisor of r and p?
13
Let f be ((-2544)/40)/(22/(-660)). What is the greatest common divisor of 108 and f?
36
Let w = -231 + 235. Suppose -1111 = -4*g + 5*o + 247, -8 = -w*o. Calculate the highest common divisor of g and 38.
38
Let k be 6 - (-15)/((-45)/6). Suppose -13*r + 15 = 2*b - 8*r, 3*b - 34 = k*r. Calculate the highest common divisor of 135 and b.
5
Let a = 645 + 237. Let v be -6 - (489/(-9) - (-8)/(-12)). Calculate the highest common divisor of a and v.
49
Let c(q) = -q**3 - 40*q**2 + 122*q - 64. Let r be c(-43). Suppose 0 = 3*z + 5*g - 449, 6*g = z + g - 183. What is the highest common divisor of r and z?
79
Suppose 14*v + 38 = -43 + 1383. Calculate the highest common divisor of 7812 and v.
93
Let s = 340 + 146. Let f(z) = -3*z**3 - 97*z**2 + 129*z + 2115. Let k be f(-33). What is the highest common factor of s and k?
18
Let b(c) = -7*c - 17. Let q(m) = m**3 - 12*m**2 - 14*m + 7. Let y = 73 + -60. Let j be q(y). Let t be b(j). Calculate the highest common divisor of 5 and t.
5
Suppose -20*a + 40079 = -57626 - 24235. What is the greatest common factor of 52 and a?
13
Suppose -m + 4*m - 180 = 0. Let v = -1902 - -2082. Calculate the greatest common divisor of m and v.
60
Let d = 265 + -258. Suppose -d*x + 12 = -618. Calculate the highest common divisor of x and 50.
10
Let y be 246/(-164) - 62/(-4). Let p(n) = n**3 - 12*n**2 - n + 12. Let r be p(12). Let o be r - 4 - -12 - 1. What is the greatest common divisor of o and y?
7
Suppose 2*g + 2*g - 4 = 0. Suppose -160 + 152 = 4*s. Let k be ((-6)/(-4) + s)/(1/(-2)). What is the greatest common factor of k and g?
1
Let k(n) = n**3 + 6*n**2 - 3*n + 4. Let m be k(-3). Let f be (-1 - (-10)/4)*m/30. Calculate the greatest common divisor of 2 and f.
2
Let s = -25 - -81. Suppose -r - 3*w + s = 0, -3*w + w - 96 = -2*r. Suppose 20 = 3*d - 2*d. What is the greatest common divisor of r and d?
10
Let z = 106 + -85. Let g(j) = j**2 - 7*j - 154. Let m be g(z). Let k = -50 + 106. What is the greatest common factor of m and k?
28
Let w(j) = -65*j + 7 + 64*j + 13. Let f be -4*5/(10/3). Let v be w(f). Calculate the highest common factor of v and 78.
26
Let j(f) = 5*f**2 - 53*f + 30. Let p be j(10). Suppose 4*d - 2*u = 364, -d + 2*u = -p*u - 91. Calculate the highest common factor of 52 and d.
13
Let t be (138/12*20)/(245/(-50) - -5). What is the greatest common factor of t and 161?
23
Let h be (-3 - -9)/(1/8). Suppose -6*w - h = -10*w. Let q be w/(-30) - (-334)/10. What is the greatest common factor of q and 3?
3
Let z = -695 - -467. Let k = z + 230. Calculate the highest common factor of 9 and k.
1
Suppose -514009 = 30*n - 514099. Suppose 4*c - c + 67 = 5*m, m + 4*c - 18 = 0. Let w be (-15)/(-21) - (-4)/m. Calculate the highest common factor of w and n.
1
Let o = 4245 - -672. Calculate the highest common divisor of 33 and o.
33
Let h be (-6 + (-105)/(-25))/((-39)/15 + 2). Calculate the highest common factor of h and 3360.
3
Let z(u) be the second derivative of u**3 - 5*u - 4. Let v(i) = i**2 - 5*i - 4. Let m be v(6). Let q be z(m). What is the greatest common divisor of q and 36?
12
Let b be ((-7)/4)/((-5)/20). Suppose -b*a = -9*a + 38. Suppose 4*u + s = -u + a, -5*u + s = -21. Calculate the greatest common divisor of 28 and u.
4
Suppose -11*s + 65 = -8*s - 52. Calculate the highest common divisor of 2782 and s.
13
Let r be (108/66)/(26/286)*6/4. Let q = -133 + 484. Calculate the highest common factor of r and q.
27
Let t be 2/13 - 222/(-78). Suppose 226 = t*g + 3*f - 59, 5*g - 495 = -f. Calculate the highest common divisor of 125 and g.
25
Let u be -7 - (253/(-11) + 12 - 14313). Calculate the highest common factor of 139 and u.
139
Suppose 7*m = -134 + 8. Let h be (90/36)/(3*(-3)/m). Suppose -3*f = f + u - 218, 3*f - 163 = -u. What is the greatest common factor of f and h?
5
Suppose 3598*c = 3625*c - 1674. What is the highest common factor of c and 341?
31
Let k = -8155 + 14000. What is the highest common divisor of 70 and k?
35
Let r = 19486 + -16484. Calculate the greatest common factor of r and 948.
158
Let c = -432 - -440. Let n(v) = 3*v - 12. Let d be n(5). What is the highest common divisor of c and d?
1
Let p = 827 + -558. Suppose -190 = -9*m + p. Let b = m - 1. Calculate the highest common factor of 10 and b.
10
Let j(i) = i**3 + 5*i**2 - 5*i + 2. Let t be j(-5). Suppose -32*m + t*m = -270. Let x be 140/(-6)*m/(-12). Calculate the greatest common factor of x and 21.
21
Suppose -6*i + 3*i - 944 = 2*d, -2*i + d - 641 = 0. Let w = i + 325. Calculate the greatest common divisor of 21 and w.
7
Let b(o) = 81*o**3 + 4*o**2 - 6*o - 4. Let i be b(3). Calculate the highest common divisor of i and 142.
71
Suppose 81*g + 60*g - 8460 = 0. What is the greatest common factor of 636 and g?
12
Let s(a) = -10*a. Let i be s(-2). Let r be ((-25)/30 - (-1500)/72)*13. Calculate the greatest common divisor of i and r.
20
Suppose -15*n = 58*n + 25*n - 83888. What is the greatest common factor of n and 8?
8
Suppose 24280 = -946*u + 950*u. Suppose 14*v + 50 = u. Calculate the greatest common factor of 10 and v.
10
Let n be -3 + 0 - -2 - -349. Let y = 40102 + -40090. What is the greatest common factor of n and y?
12
Suppose 4*b - 2062 = -5*s + 1737, 2253 = 3*s - 2*b. What is the highest common factor of s and 3473?
151
Let c(y) = y + 36. Suppose -8 = -2*u + 2, -124 = -g - 4*u. Suppose -g = 7*b + 64. Let s be c(b). What is the greatest common factor of s and 12?
12
Suppose 32*q - 147 = 173. Let s be -60*(q/4 + -3). What